alse
Is 73 a factor of 118041?
True
Is 23 a factor of 30982564?
True
Is 9042726 a multiple of 161?
True
Does 17 divide 237541?
True
Is 8977500 a multiple of 532?
True
Does 8 divide 57272?
True
Is 1927220 a multiple of 20?
True
Does 128 divide 1963826?
False
Is 161820 a multiple of 15?
True
Does 27 divide 187244?
False
Does 48 divide 57168?
True
Is 172425 a multiple of 25?
True
Does 79 divide 347363?
True
Is 31567 a multiple of 48?
False
Is 34 a factor of 285090?
True
Does 18 divide 33300?
True
Does 139 divide 195851?
True
Does 13 divide 2278664?
False
Is 452579 a multiple of 100?
False
Is 910946 a multiple of 14?
False
Does 151 divide 923658?
False
Does 28 divide 729269?
False
Is 6 a factor of 511812?
True
Is 42 a factor of 242172?
True
Is 8 a factor of 990471?
False
Does 27 divide 53919?
True
Does 18 divide 484984?
False
Is 198375 a multiple of 23?
True
Is 60202 a multiple of 53?
False
Is 597 a factor of 5064948?
True
Is 61 a factor of 50081?
True
Is 604 a factor of 235777?
False
Is 76 a factor of 139325?
False
Is 107622 a multiple of 272?
False
Is 62631 a multiple of 417?
False
Is 18 a factor of 20382831?
False
Is 355520 a multiple of 320?
True
Is 1941046 a multiple of 348?
False
Is 79735 a multiple of 551?
False
Does 808 divide 494496?
True
Does 139 divide 1191925?
True
Is 173 a factor of 1670685?
False
Is 12 a factor of 14243774?
False
Does 267 divide 126725?
False
Does 49 divide 136612?
True
Is 9 a factor of 1849095?
True
Is 289 a factor of 2324954?
False
Is 18 a factor of 58793?
False
Is 75 a factor of 1121625?
True
Is 3906 even?
True
Is 41 a factor of 187206?
True
Is 13 a factor of 10647?
True
Is 9 a factor of 78804?
True
Is 220500 a multiple of 35?
True
Is 94642 a multiple of 8?
False
Is 112 a factor of 142116?
False
Does 89 divide 582651?
False
Is 101316 a multiple of 7?
False
Is 1129802 a multiple of 29?
False
Does 170 divide 701250?
True
Is 1971653 a multiple of 308?
False
Does 581 divide 782026?
True
Is 65 a factor of 141375?
True
Is 46 a factor of 128295?
False
Is 60026 a multiple of 4?
False
Does 458 divide 1462394?
True
Is 860462 a multiple of 8?
False
Does 230 divide 52989?
False
Is 30 a factor of 1169556?
False
Does 41 divide 79811?
False
Is 196 a factor of 64776?
False
Is 469409 a multiple of 131?
False
Is 93 a factor of 4859622?
True
Is 341 a factor of 491615?
False
Is 7 a factor of 15456?
True
Does 24 divide 1002480?
True
Is 2604 a multiple of 14?
True
Is 121 a factor of 569668?
True
Is 813735 a multiple of 74?
False
Does 142 divide 589547?
False
Is 202326 a multiple of 6?
True
Is 8 a factor of 52501?
False
Is 10742050 a multiple of 50?
True
Does 77 divide 242388?
False
Does 587 divide 2102047?
True
Does 1087 divide 8107342?
False
Is 2696320 a multiple of 10?
True
Does 37 divide 31012767?
False
Does 45 divide 15437520?
True
Is 412592 a multiple of 8?
True
Does 37 divide 1984050?
False
Is 3762034 a multiple of 26?
False
Is 81514 a multiple of 31?
False
Is 664 a factor of 5920888?
True
Is 13162896 a multiple of 1224?
True
Is 153 a factor of 324040?
False
Does 176 divide 923662?
False
Is 170145 a multiple of 285?
True
Is 15 a factor of 2012823?
False
Does 41 divide 864921?
False
Is 4573094 a multiple of 168?
False
Does 1008 divide 9680331?
False
Is 8 a factor of 38632?
True
Does 226 divide 1568658?
False
Does 69 divide 197547?
True
Is 428 a factor of 236684?
True
Is 16 a factor of 3889984?
True
Is 167330 a multiple of 290?
True
Is 313136 a multiple of 4?
True
Is 705 a factor of 14286120?
True
Is 110 a factor of 177209?
False
Does 3 divide 24858?
True
Is 881 a factor of 904787?
True
Does 7 divide 174993?
True
Is 9615950 a multiple of 50?
True
Is 47600 a multiple of 40?
True
Does 640 divide 14768000?
True
Is 138621 a multiple of 69?
True
Does 17 divide 349458?
False
Is 15 a factor of 969705?
True
Does 61 divide 56059?
True
Does 7 divide 876626?
False
Is 37962 a multiple of 27?
True
Is 248 a factor of 1030192?
True
Does 724 divide 198376?
True
Does 495 divide 205248?
False
Is 1579878 a multiple of 306?
True
Does 19 divide 85367?
True
Is 307980 a multiple of 145?
True
Does 178 divide 2198396?
False
Is 12309540 a multiple of 12?
True
Is 820808 a multiple of 47?
True
Does 8 divide 466319?
False
Is 69922 a multiple of 21?
False
Is 12 a factor of 49009?
False
Is 135 a factor of 462631?
False
Is 23 a factor of 1431110?
False
Is 108699 a multiple of 52?
False
Does 3 divide 38205?
True
Does 304 divide 420017?
False
Is 179091 a multiple of 27?
True
Is 85 a factor of 7340685?
True
Does 17 divide 5677082?
True
Is 11 a factor of 44297?
True
Is 10 a factor of 12870?
True
Is 10944 a multiple of 3?
True
Is 162719 a multiple of 29?
True
Is 194 a factor of 379190?
False
Is 4 a factor of 1298711?
False
Is 16 a factor of 481354?
False
Is 165 a factor of 1266210?
True
Is 148124 a multiple of 19?
True
Is 562870 a multiple of 34?
True
Is 4013397 a multiple of 308?
False
Is 194400 a multiple of 12?
True
Does 14 divide 8383976?
False
Is 56182 a multiple of 87?
False
Is 330936 a multiple of 12?
True
Is 57 a factor of 306651?
False
Does 1837 divide 631928?
True
Is 102747 a multiple of 28?
False
Is 7523061 a multiple of 13?
True
Is 10460400 a multiple of 690?
True
Is 13 a factor of 542708?
False
Does 359 divide 7443574?
False
Does 56 divide 110656?
True
Is 92 a factor of 6279748?
False
Is 7 a factor of 597485?
True
Is 22 a factor of 228426?
True
Is 2827790 a multiple of 398?
True
Is 725670 a multiple of 22?
True
Is 739537 a multiple of 39?
False
Is 20 a factor of 136112?
False
Is 64873 a multiple of 29?
True
Is 3463653 a multiple of 2?
False
Does 1357 divide 388635?
False
Is 693 a factor of 2508221?
False
Is 593142 a multiple of 473?
True
Is 17 a factor of 413746?
True
Is 157775 a multiple of 2?
False
Does 287 divide 319144?
True
Is 4706394 a multiple of 334?
True
Is 823710 a multiple of 365?
False
Is 285 a factor of 2037559?
False
Is 3473674 a multiple of 306?
False
Is 3863266 a multiple of 451?
True
Is 234 a factor of 3252366?
True
Is 785 a factor of 881555?
True
Does 96 divide 1224006?
False
Does 106 divide 6324166?
False
Is 22022170 a multiple of 1670?
False
Is 12 a factor of 5171088?
True
Is 644 a factor of 584752?
True
Does 763 divide 3554054?
True
Is 14303968 a multiple of 16?
True
Is 101708 a multiple of 5?
False
Does 26 divide 325209?
False
Is 42 a factor of 846300?
True
Does 11 divide 288405?
False
Is 1880901 a multiple of 377?
False
Is 52936 a multiple of 4?
True
Does 9 divide 3404010?
False
Is 10 a factor of 2142660?
True
Is 509808 a multiple of 43?
True
Is 353 a factor of 80837?
True
Is 1226424 a multiple of 1096?
True
Does 1200 divide 32953200?
True
Is 36 a factor of 1318788?
True
Is 20023 a multiple of 2?
False
Is 93 a factor of 37072?
False
Is 74 a factor of 190032?
True
Is 5 a factor of 162792?
False
Is 45 a factor of 35900?
False
Is 69856 a multiple of 26?
False
Does 4 divide 2961356?
True
Is 121064 a multiple of 50?
False
Is 20 a factor of 345503?
False
Is 41 a factor of 128330?
True
Is 208020 a multiple of 4?
True
Is 773724 a multiple of 302?
True
Is 235 a factor of 563241?
False
Is 1766924 a multiple of 19?
True
Is 93 a factor of 1339190?
False
Does 1926 divide 10088388?
True
Is 26 a factor of 12246?
True
Is 249113 a multiple of 23?
True
Does 30 divide 69060?
True
Is 59 a factor of 6061070?
True
Does 127 divide 439292?
False
Does 12 divide 4731180?
True
Is 5858 a multiple of 29?
True
Does 3 divide 681377?
False
Is 274128 a multiple of 9?
False
Does 398 divide 286958?
True
Is 25 a factor of 155850?
True
Does 11 divide 642191?
True
Is 5592381 a multiple of 94?
False
Does 163 divide 654193?
False
Is 31 a factor of 7161744?
True
Is 43 a factor of 6063?
True
Is 2356337 a multiple of 10?
False
Does 315 divide 752850?
True
Is 3183 even?
False
Is 6954824 a multiple of 5?
False
Is 2217888 a multiple of 18?
True
Is 1724 a factor of 21332776?
True
Does 240 divide 3974208?
False
Is 354481 a multiple of 21?
False
Does 158 divide 1244566?
True
Is 763671 a multiple of 10?
False
Is 18314166 a multiple of 33?
False
Is 23 a factor of 837713?
False
Is 27 a factor of 61695?
True
Is 5 a factor of 302313?
False
Does 136 divide 4403000?
True
Is 12144160 a multiple of 280?
True
Is 7220304 a multiple of 18?
True
Is 420058 a multiple of 791?
False
Is 29370